{"id":348,"date":"2019-06-26T11:37:35","date_gmt":"2019-06-26T09:37:35","guid":{"rendered":"http:\/\/psychotraumatolog-lubelskie.pl\/?page_id=348"},"modified":"2019-06-26T11:37:35","modified_gmt":"2019-06-26T09:37:35","slug":"polityka-prywatnosci","status":"publish","type":"page","link":"https:\/\/psychotraumatolog-lubelskie.pl\/?page_id=348","title":{"rendered":"Polityka prywatno\u015bci"},"content":{"rendered":"<h5 style=\"text-align: left;\">POLITYKA COOKIES<\/h5>\n<p style=\"text-align: left;\">Poni\u017csza Polityka Cookies okre\u015bla zasady zapisywania i uzyskiwania dost\u0119pu do danych na Urz\u0105dzeniach U\u017cytkownik\u00f3w korzystaj\u0105cych z Serwisu do cel\u00f3w \u015bwiadczenia us\u0142ug drog\u0105 elektroniczn\u0105 przez Administratora Serwisu.<\/p>\n<h6 style=\"text-align: left;\">\u00a7 1 DEFINICJE<\/h6>\n<ul style=\"text-align: left;\">\n<li><strong>Serwis<\/strong>\u00a0&#8211; serwis internetowy dzia\u0142aj\u0105cy pod adresem\u00a0<span id=\"serwis\"><span class=\"colored\">www.psychotraumatolog-lubelskie.pl<\/span><\/span><\/li>\n<li><strong>Serwis zewn\u0119trzny<\/strong>\u00a0&#8211; serwis internetowe partner\u00f3w, us\u0142ugodawc\u00f3w lub us\u0142ugobiorc\u00f3w Administratora<\/li>\n<li><strong>Administrator<\/strong>\u00a0&#8211; firma\u00a0<span id=\"firma\"><span class=\"colored\">Gabinet Terapeutyczny Dzisiaj Maria Pataj-Suchecka<\/span>, prowadz\u0105ca dzia\u0142alno\u015b\u0107 pod adresem:\u00a0<span class=\"colored\">Nieca\u0142\u0105 8, 08-530 D\u0119blin<\/span>, o nadanym numerze identyfikacji podatkowej (NIP):\u00a0<span class=\"colored\">716-230-33-49<\/span><\/span>, \u015bwiadcz\u0105ca us\u0142ugi drog\u0105 elektroniczn\u0105 za po\u015brednictwem Serwisu oraz przechowuj\u0105ca i uzyskuj\u0105ca dost\u0119p do informacji w urz\u0105dzeniach U\u017cytkownika<\/li>\n<li><strong>U\u017cytkownik<\/strong>\u00a0&#8211; osba fizyczna, dla kt\u00f3rej Administrator \u015bwiadczy us\u0142ugi drog\u0105 elektroniczna za po\u015brednictwem Serwisu.<\/li>\n<li><strong>Urz\u0105dzenie<\/strong>\u00a0&#8211; elektroniczne urz\u0105dzenie wraz z oprogramowaniem, za po\u015brednictwem, kt\u00f3rego U\u017cytkownik uzyskuje dost\u0119p do Serwisu<\/li>\n<li><strong>Cookies (ciasteczka)<\/strong>\u00a0&#8211; dane tekstowe gromadzone w formie plik\u00f3w zamieszczanych na Urz\u0105dzeniu U\u017cytkownika<\/li>\n<\/ul>\n<h6 style=\"text-align: left;\">\u00a7 2 RODZAJE COOKIES<\/h6>\n<ul style=\"text-align: left;\">\n<li><strong>Cookies wewn\u0119trzne<\/strong>\u00a0&#8211; pliki zamieszczane i odczytywane z Urz\u0105dzenia U\u017cytkownika przes system teleinformatyczny Serwisu<\/li>\n<li><strong>Cookies zewn\u0119trzne<\/strong>\u00a0&#8211; pliki zamieszczane i odczytywane z Urz\u0105dzenia U\u017cytkownika przez systemy teleinformatyczne Serwis\u00f3w zewn\u0119trznych<\/li>\n<li><strong>Cookies sesyjne<\/strong>\u00a0&#8211; pliki zamieszczane i odczytywane z Urz\u0105dzenia U\u017cytkownika przez Serwis\u00a0<span id=\"sz1\">lub Serwisy zewn\u0119trzne<\/span>\u00a0podczas jednej sesji danego Urz\u0105dzenia. Po zako\u0144czeniu sesji pliki s\u0105 usuwane z Urz\u0105dzenia U\u017cytkownika.<\/li>\n<li><strong>Cookies trwa\u0142e<\/strong>\u00a0&#8211; pliki zamieszczane i odczytywane z Urz\u0105dzenia U\u017cytkownika przez Serwis\u00a0<span id=\"sz2\">lub Serwisy zewn\u0119trzne<\/span>\u00a0do momentu ich r\u0119cznego usuni\u0119cia. Pliki nie s\u0105 usuwane automatycznie po zako\u0144czeniu sesji Urz\u0105dzenia chyba \u017ce konfiguracja Urz\u0105dzenia U\u017cytkownika jest ustawiona na tryb usuwanie plik\u00f3w Cookie po zako\u0144czeniu sesji Urz\u0105dzenia.<\/li>\n<\/ul>\n<h6 style=\"text-align: left;\">\u00a7 3 BEZPIECZE\u0143STWO<\/h6>\n<ul style=\"text-align: left;\">\n<li><strong>Mechanizmy sk\u0142adowania i odczytu<\/strong>\u00a0&#8211; Mechanizmy sk\u0142adowania i odczytu Cookies nie pozwalaj\u0105 na pobierania jakichkolwiek danych osobowych ani \u017cadnych informacji poufnych z Urz\u0105dzenia U\u017cytkownika. Przeniesienie na Urz\u0105dzenie U\u017cytkownika wirus\u00f3w, koni troja\u0144skich oraz innych robak\u00f3w jest praktynie niemo\u017cliwe.<\/li>\n<li><strong>Cookie wewn\u0119trzne<\/strong>\u00a0&#8211; zastosowane przez Administratora Cookie wewn\u0119trzne s\u0105 bezpieczne dla Urz\u0105dze\u0144 U\u017cytkownik\u00f3w<\/li>\n<li><strong>Cookie zewn\u0119trzne<\/strong>\u00a0&#8211; za bezpiecze\u0144stwo plik\u00f3w Cookie pochodz\u0105cych od partner\u00f3w Serwisu Administrator nie ponosi odpowiedzialno\u015bci. Lista partner\u00f3w zamieszczona jest w dalszej cz\u0119\u015bci Polityki Cookie.<\/li>\n<\/ul>\n<h6 style=\"text-align: left;\">\u00a7 4 CELE DO KT\u00d3RYCH WYKORZYSTYWANE S\u0104 PLIKI COOKIE<\/h6>\n<ul id=\"cele\" style=\"text-align: left;\">\n<li><strong><span class=\"colored\">Marketing i reklama<\/span><\/strong>\u00a0&#8211; Administrator\u00a0<span id=\"sz3\">oraz Serwisy zewn\u0119trzne<\/span>\u00a0wykorzystuj\u0105 pliki Cookie do cel\u00f3w marketingowych oraz serwowania reklam U\u017cytkownik\u00f3w.<\/li>\n<li><strong><span class=\"colored\">Dane statystyczne<\/span><\/strong>\u00a0&#8211; Administrator\u00a0<span id=\"sz4\">oraz Serwisy zewn\u0119trzne<\/span>\u00a0wykorzystuje pliki Cookie do zbirania i przetwarzania danych statystycznych takich jak np. statystyki odwiedzin, statystyki Urz\u0105dze\u0144 U\u017cytkownik\u00f3w czy statystyki zachowa\u0144 u\u017cytkownik\u00f3w. Dane te zbierane s\u0105 w celu analizy i ulepszania Serwisu.<\/li>\n<li><strong><span class=\"colored\">Serwowanie us\u0142ug multimedialnych<\/span><\/strong>\u00a0&#8211; Administrator\u00a0<span id=\"sz5\">oraz Serwisy zewn\u0119trzne<\/span>\u00a0wykorzystuje pliki Cookie do serwowania U\u017cytkownikom us\u0142ug multimedialnych.<\/li>\n<li><strong><span class=\"colored\">Us\u0142ugi spo\u0142eczno\u015bciowe<\/span><\/strong>\u00a0&#8211; Administrator\u00a0<span id=\"sz7\">oraz Serwisy zewn\u0119trzne<\/span>\u00a0wykorzystuj\u0105 pliki Cookie do wsparcia us\u0142ug spo\u0142eczno\u015bciowych<\/li>\n<\/ul>\n<h6 style=\"text-align: left;\">\u00a7 5 SERWISY ZEWN\u0118TRZNE<\/h6>\n<p id=\"zewinfo\" style=\"text-align: left;\"><span class=\"colored\">Administrator wsp\u00f3\u0142pracuje z nast\u0119puj\u0105cymi serwisami zewn\u0119trznymi, kt\u00f3re mog\u0105 zamieszcza\u0107 pliki Cookie na Urz\u0105dzeniach U\u017cytkownika:<\/span><\/p>\n<ul id=\"zewnetrzne\" style=\"text-align: left;\">\n<li><strong><span class=\"colored\">Google Analytics<\/span><\/strong><\/li>\n<li><strong><span class=\"colored\">Google AdSense<\/span><\/strong><\/li>\n<li><strong>Google AdWords<\/strong><\/li>\n<li><strong><span class=\"colored\">Google+<\/span><\/strong><\/li>\n<li><strong><span class=\"colored\">Facebook<\/span><\/strong><\/li>\n<li><strong><span class=\"colored\">Twitter<\/span><\/strong><\/li>\n<li><strong><span class=\"colored\">AddThis<\/span><\/strong><\/li>\n<li><strong><span class=\"colored\">Youtube<\/span><\/strong><\/li>\n<li><strong><span class=\"colored\">Vimeo<\/span><\/strong><\/li>\n<\/ul>\n<h6 style=\"text-align: left;\">\u00a7 6 MO\u017bLIWO\u015aCI OKRE\u015aLANIA WARUNK\u00d3W PRZECHOWYWANIA I UZYSKIWANIA DOST\u0118PU NA URZ\u0104DZENIACH U\u017bYTKOWNIKA PRZEZ SERWIS<span id=\"sz6\">\u00a0I SERWISY ZEWN\u0118TRZNE<\/span><\/h6>\n<ul style=\"text-align: left;\">\n<li>U\u017cytkownik mo\u017ce w dowolnym momencie, samodzielnie zmieni\u0107 ustawienia dotycz\u0105ce zapisywania, usuwania oraz dost\u0119pu do danych zapisanych plik\u00f3w Cookies<\/li>\n<li>Informacje o sposobie wy\u0142\u0105czenia plik\u00f3w Cookie w najpopularniejszych przegl\u0105darkach komputerowych i urz\u0105dze\u0144 mobilnych dost\u0119pna s\u0105 na stronie:\u00a0<a href=\"http:\/\/jakwylaczyccookie.pl\/\">jak wy\u0142\u0105czy\u0107 cookie<\/a>.<\/li>\n<li>U\u017cytkownik mo\u017ce w dowolnym momencie usun\u0105\u0107 wszelkie zapisane do tej pory pliki Cookie korzystaj\u0105c z narz\u0119dzi Urz\u0105dzenia U\u017cytkownika za po\u015brednictwem kt\u00f3rego U\u017cytkownik korzysta z us\u0142ug Serwisu.<\/li>\n<\/ul>\n<h6 style=\"text-align: left;\">\u00a7 7 WYMAGANIA SERWISU<\/h6>\n<ul style=\"text-align: left;\">\n<li>Ograniczenie zapisu i dost\u0119pu do plik\u00f3w Cookie na Urz\u0105dzeniu U\u017cytkownika mo\u017ce spowodowa\u0107 nieprawid\u0142owe dzia\u0142anie niekt\u00f3rych funkcji Serwisu.<\/li>\n<li>Administrator nie ponosi \u017cadnej odpowiedzialno\u015bci za nieprawid\u0142owo dzia\u0142aj\u0105ce funkcje Serwisu w przypadku gdy U\u017cytkownik ograniczy w jakikolwiek spos\u00f3b mo\u017cliwo\u015b\u0107 zapisywania i odczytu plik\u00f3w Cookie.<\/li>\n<\/ul>\n<h6 style=\"text-align: left;\">\u00a7 8 ZMIANY W POLITYCE COOKIE<\/h6>\n<ul>\n<li style=\"text-align: left;\">Administrator zastrzega sobie prawo do dowolnej zmiany niniejszej Polityki Cookie bez konieczno\u015bci informowania o tym u\u017cytkownik\u00f3w.<\/li>\n<li style=\"text-align: left;\">Wprowadzone zmiany w Polityce Cookie zawsze b\u0119d\u0105 publikowane na tej stronie.<\/li>\n<li>\n<p style=\"text-align: left;\">Wprowadzone zmiany wchodz\u0105 w \u017cycie w dniu publikacji Polityki Cookie.<\/p>\n<\/li>\n<\/ul>\n","protected":false},"excerpt":{"rendered":"<p>POLITYKA COOKIES Poni\u017csza Polityka Cookies okre\u015bla zasady zapisywania i uzyskiwania dost\u0119pu do danych na Urz\u0105dzeniach U\u017cytkownik\u00f3w korzystaj\u0105cych z Serwisu do cel\u00f3w \u015bwiadczenia us\u0142ug drog\u0105 elektroniczn\u0105 przez Administratora Serwisu. \u00a7 1 DEFINICJE Serwis\u00a0&#8211; serwis internetowy dzia\u0142aj\u0105cy pod adresem\u00a0www.psychotraumatolog-lubelskie.pl Serwis zewn\u0119trzny\u00a0&#8211; serwis internetowe partner\u00f3w, us\u0142ugodawc\u00f3w lub us\u0142ugobiorc\u00f3w Administratora Administrator\u00a0&#8211; firma\u00a0Gabinet Terapeutyczny Dzisiaj Maria Pataj-Suchecka, prowadz\u0105ca dzia\u0142alno\u015b\u0107 pod [&hellip;]<\/p>\n","protected":false},"author":1,"featured_media":0,"parent":0,"menu_order":0,"comment_status":"closed","ping_status":"closed","template":"","meta":{"footnotes":""},"_links":{"self":[{"href":"https:\/\/psychotraumatolog-lubelskie.pl\/index.php?rest_route=\/wp\/v2\/pages\/348"}],"collection":[{"href":"https:\/\/psychotraumatolog-lubelskie.pl\/index.php?rest_route=\/wp\/v2\/pages"}],"about":[{"href":"https:\/\/psychotraumatolog-lubelskie.pl\/index.php?rest_route=\/wp\/v2\/types\/page"}],"author":[{"embeddable":true,"href":"https:\/\/psychotraumatolog-lubelskie.pl\/index.php?rest_route=\/wp\/v2\/users\/1"}],"replies":[{"embeddable":true,"href":"https:\/\/psychotraumatolog-lubelskie.pl\/index.php?rest_route=%2Fwp%2Fv2%2Fcomments&post=348"}],"version-history":[{"count":1,"href":"https:\/\/psychotraumatolog-lubelskie.pl\/index.php?rest_route=\/wp\/v2\/pages\/348\/revisions"}],"predecessor-version":[{"id":350,"href":"https:\/\/psychotraumatolog-lubelskie.pl\/index.php?rest_route=\/wp\/v2\/pages\/348\/revisions\/350"}],"wp:attachment":[{"href":"https:\/\/psychotraumatolog-lubelskie.pl\/index.php?rest_route=%2Fwp%2Fv2%2Fmedia&parent=348"}],"curies":[{"name":"wp","href":"https:\/\/api.w.org\/{rel}","templated":true}]}}