{"id":127,"date":"2018-09-14T12:43:12","date_gmt":"2018-09-14T10:43:12","guid":{"rendered":"http:\/\/psychotraumatolog-lubelskie.pl\/?page_id=127"},"modified":"2024-06-09T18:13:52","modified_gmt":"2024-06-09T16:13:52","slug":"kontakt","status":"publish","type":"page","link":"https:\/\/psychotraumatolog-lubelskie.pl\/?page_id=127","title":{"rendered":"Kontakt"},"content":{"rendered":"<h4>Jako psychotraumatolog wiem,<\/h4>\n<h4>jak wa\u017cny w pracy z traum\u0105 jest kontakt osobisty,<\/h4>\n<h4>dlatego pracuj\u0119 stacjonarnie.<\/h4>\n<p>&nbsp;<\/p>\n<p>Dla Pa\u0144stwa bezpiecze\u0144stwa gabinety s\u0105 regularnie dezynfekowane,<\/p>\n<p>zaopatrzone s\u0105 w \u015brodki ochrony osobistej.<\/p>\n<p>W warszawskim gabinecie dla bezpiecze\u0144stwa pacjent\u00f3w zakupiona zosta\u0142a<\/p>\n<p>lampa przeciwwirusowa i przeciwbakteryjna.<\/p>\n<p>&nbsp;<\/p>\n<h4>Przyjmuj\u0119 w Lublinie:<\/h4>\n<h4><em>Aleja Kra\u015bnicka 35\/205<\/em><\/h4>\n<h4><em>20-718 <strong>Lublin<\/strong><\/em><\/h4>\n<p>&nbsp;<\/p>\n<p><strong>oraz\u00a0 w\u00a0 Warszawie<\/strong>:<\/p>\n<h4><em>Ul. \u017burawia 6\/12 pok\u00f3j 514<\/em><\/h4>\n<h4><em><strong>00-503 Warszawa<\/strong><\/em><\/h4>\n<p>&nbsp;<\/p>\n<p><img loading=\"lazy\" decoding=\"async\" class=\"size-medium wp-image-192 alignright\" src=\"http:\/\/psychotraumatolog-lubelskie.pl\/wp-content\/uploads\/2018\/10\/mikaela-wiedenhoff-693940-unsplash-225x300.jpg\" alt=\"\" width=\"225\" height=\"300\" srcset=\"https:\/\/psychotraumatolog-lubelskie.pl\/wp-content\/uploads\/2018\/10\/mikaela-wiedenhoff-693940-unsplash-225x300.jpg 225w, https:\/\/psychotraumatolog-lubelskie.pl\/wp-content\/uploads\/2018\/10\/mikaela-wiedenhoff-693940-unsplash-768x1024.jpg 768w, https:\/\/psychotraumatolog-lubelskie.pl\/wp-content\/uploads\/2018\/10\/mikaela-wiedenhoff-693940-unsplash-750x1000.jpg 750w\" sizes=\"(max-width: 225px) 100vw, 225px\" \/><\/p>\n<p>Umawiam si\u0119 na konsultacje po wcze\u015bniejszym kontakcie telefonicznym lub mailowym.<\/p>\n<p style=\"text-align: center;\"><em><strong>Dane do kontaktu:<\/strong><\/em><\/p>\n<p style=\"text-align: center;\"><em><strong>Tel: 696-971-211<\/strong><\/em><\/p>\n<p style=\"text-align: center;\"><em><strong>e-mail: mpatajsuchecka@gmail.com<\/strong><\/em><\/p>\n<p>W razie pyta\u0144 i w\u0105tpliwo\u015bci, ch\u0119tnie odpowiadam na maile.<\/p>\n<p>Zapraszam serdecznie do kontaktu.<\/p>\n<p>&nbsp;<\/p>\n<h3 style=\"text-align: center;\"><\/h3>\n<h2><\/h2>\n<p>&nbsp;<\/p>\n<p>&nbsp;<\/p>\n","protected":false},"excerpt":{"rendered":"<p>Jako psychotraumatolog wiem, jak wa\u017cny w pracy z traum\u0105 jest kontakt osobisty, dlatego pracuj\u0119 stacjonarnie. &nbsp; Dla Pa\u0144stwa bezpiecze\u0144stwa gabinety s\u0105 regularnie dezynfekowane, zaopatrzone s\u0105 w \u015brodki ochrony osobistej. W warszawskim gabinecie dla bezpiecze\u0144stwa pacjent\u00f3w zakupiona zosta\u0142a lampa przeciwwirusowa i przeciwbakteryjna. &nbsp; Przyjmuj\u0119 w Lublinie: Aleja Kra\u015bnicka 35\/205 20-718 Lublin &nbsp; oraz\u00a0 w\u00a0 Warszawie: Ul. [&hellip;]<\/p>\n","protected":false},"author":1,"featured_media":0,"parent":0,"menu_order":0,"comment_status":"closed","ping_status":"closed","template":"","meta":{"footnotes":""},"_links":{"self":[{"href":"https:\/\/psychotraumatolog-lubelskie.pl\/index.php?rest_route=\/wp\/v2\/pages\/127"}],"collection":[{"href":"https:\/\/psychotraumatolog-lubelskie.pl\/index.php?rest_route=\/wp\/v2\/pages"}],"about":[{"href":"https:\/\/psychotraumatolog-lubelskie.pl\/index.php?rest_route=\/wp\/v2\/types\/page"}],"author":[{"embeddable":true,"href":"https:\/\/psychotraumatolog-lubelskie.pl\/index.php?rest_route=\/wp\/v2\/users\/1"}],"replies":[{"embeddable":true,"href":"https:\/\/psychotraumatolog-lubelskie.pl\/index.php?rest_route=%2Fwp%2Fv2%2Fcomments&post=127"}],"version-history":[{"count":33,"href":"https:\/\/psychotraumatolog-lubelskie.pl\/index.php?rest_route=\/wp\/v2\/pages\/127\/revisions"}],"predecessor-version":[{"id":470,"href":"https:\/\/psychotraumatolog-lubelskie.pl\/index.php?rest_route=\/wp\/v2\/pages\/127\/revisions\/470"}],"wp:attachment":[{"href":"https:\/\/psychotraumatolog-lubelskie.pl\/index.php?rest_route=%2Fwp%2Fv2%2Fmedia&parent=127"}],"curies":[{"name":"wp","href":"https:\/\/api.w.org\/{rel}","templated":true}]}}

<h4>Jako psychotraumatolog wiem,</h4>
<h4>jak ważny w pracy z traumą jest kontakt osobisty,</h4>
<h4>dlatego pracuję stacjonarnie.</h4>
<p>&nbsp;</p>
<p>Dla Państwa bezpieczeństwa gabinety są regularnie dezynfekowane,</p>
<p>zaopatrzone są w środki ochrony osobistej.</p>
<p>W warszawskim gabinecie dla bezpieczeństwa pacjentów zakupiona została</p>
<p>lampa przeciwwirusowa i przeciwbakteryjna.</p>
<p>&nbsp;</p>
<h4>Przyjmuję w Lublinie:</h4>
<h4><em>Aleja Kraśnicka 35/205</em></h4>
<h4><em>20-718 <strong>Lublin</strong></em></h4>
<p>&nbsp;</p>
<p><strong>oraz  w  Warszawie</strong>:</p>
<h4><em>Ul. Żurawia 6/12 pokój 514</em></h4>
<h4><em><strong>00-503 Warszawa</strong></em></h4>
<p>&nbsp;</p>
<p><img loading="lazy" decoding="async" class="size-medium wp-image-192 alignright" src="http://psychotraumatolog-lubelskie.pl/wp-content/uploads/2018/10/mikaela-wiedenhoff-693940-unsplash-225x300.jpg" alt="" width="225" height="300" srcset="https://psychotraumatolog-lubelskie.pl/wp-content/uploads/2018/10/mikaela-wiedenhoff-693940-unsplash-225x300.jpg 225w, https://psychotraumatolog-lubelskie.pl/wp-content/uploads/2018/10/mikaela-wiedenhoff-693940-unsplash-768x1024.jpg 768w, https://psychotraumatolog-lubelskie.pl/wp-content/uploads/2018/10/mikaela-wiedenhoff-693940-unsplash-750x1000.jpg 750w" sizes="(max-width: 225px) 100vw, 225px" /></p>
<p>Umawiam się na konsultacje po wcześniejszym kontakcie telefonicznym lub mailowym.</p>
<p style="text-align: center;"><em><strong>Dane do kontaktu:</strong></em></p>
<p style="text-align: center;"><em><strong>Tel: 696-971-211</strong></em></p>
<p style="text-align: center;"><em><strong>e-mail: mpatajsuchecka@gmail.com</strong></em></p>
<p>W razie pytań i wątpliwości, chętnie odpowiadam na maile.</p>
<p>Zapraszam serdecznie do kontaktu.</p>
<p>&nbsp;</p>
<h3 style="text-align: center;"></h3>
<h2></h2>
<p>&nbsp;</p>
<p>&nbsp;</p>

<p>Jako psychotraumatolog wiem, jak ważny w pracy z traumą jest kontakt osobisty, dlatego pracuję stacjonarnie. &nbsp; Dla Państwa bezpieczeństwa gabinety są regularnie dezynfekowane, zaopatrzone są w środki ochrony osobistej. W warszawskim gabinecie dla bezpieczeństwa pacjentów zakupiona została lampa przeciwwirusowa i przeciwbakteryjna. &nbsp; Przyjmuję w Lublinie: Aleja Kraśnicka 35/205 20-718 Lublin &nbsp; oraz  w  Warszawie: Ul. [&hellip;]</p>
